3900?
False
Is 1456 a multiple of 26?
True
Does 44 divide 1147?
False
Does 25 divide 74074?
False
Does 27 divide 11475?
True
Is 8100 a multiple of 100?
True
Is 35 a factor of 13055?
True
Is 11 a factor of 5397?
False
Is 5 a factor of 200?
True
Does 30 divide 64?
False
Does 20 divide 18660?
True
Does 18 divide 6726?
False
Is 7 a factor of 407?
False
Is 17 a factor of 15436?
True
Does 16 divide 544?
True
Is 1253 a multiple of 17?
False
Is 412 a multiple of 4?
True
Is 870 a multiple of 15?
True
Is 3216 a multiple of 67?
True
Does 50 divide 5523?
False
Is 5513 a multiple of 149?
True
Is 18 a factor of 770?
False
Is 302 a multiple of 3?
False
Is 26220 a multiple of 91?
False
Does 2 divide 1323?
False
Does 3 divide 1678?
False
Is 5 a factor of 309?
False
Is 43095 a multiple of 13?
True
Is 280 a multiple of 28?
True
Does 18 divide 11670?
False
Is 576 a multiple of 8?
True
Does 8 divide 332?
False
Is 17 a factor of 748?
True
Is 31 a factor of 562?
False
Is 381 a multiple of 127?
True
Is 15 a factor of 4235?
False
Is 758 a multiple of 21?
False
Does 3 divide 1674?
True
Is 16642 a multiple of 26?
False
Does 12 divide 2064?
True
Is 1455 a multiple of 15?
True
Is 2086 a multiple of 7?
True
Is 14737 a multiple of 90?
False
Is 59 a factor of 733?
False
Is 32 a factor of 192?
True
Does 9 divide 16389?
True
Is 491 a factor of 104583?
True
Is 44486 a multiple of 59?
True
Does 22 divide 3410?
True
Is 68 a factor of 525?
False
Is 575 a multiple of 5?
True
Is 13082 a multiple of 76?
False
Is 57 a factor of 166981?
False
Is 23 a factor of 2369?
True
Does 20 divide 41097?
False
Is 97 a multiple of 7?
False
Is 1640 a multiple of 58?
False
Is 13 a factor of 10974?
False
Does 6 divide 1170?
True
Is 87 a factor of 1218?
True
Is 152 a multiple of 17?
False
Does 5 divide 1738?
False
Is 1096 a multiple of 13?
False
Does 29 divide 37294?
True
Is 107 a factor of 5457?
True
Does 3 divide 1308?
True
Does 28 divide 1680?
True
Is 24534 a multiple of 78?
False
Is 906 a multiple of 6?
True
Is 2888 a multiple of 88?
False
Is 124 a factor of 26357?
False
Does 32 divide 2464?
True
Is 2303 a multiple of 47?
True
Is 94 a multiple of 37?
False
Is 1455 a multiple of 36?
False
Is 1819 a multiple of 25?
False
Does 43 divide 3225?
True
Is 2430 a multiple of 15?
True
Is 12 a factor of 12211?
False
Is 214 even?
True
Is 47 a factor of 393?
False
Is 36 a factor of 137?
False
Is 198 a multiple of 11?
True
Does 198 divide 32400?
False
Does 95 divide 13965?
True
Does 51 divide 191?
False
Is 14918 a multiple of 89?
False
Is 101 a factor of 4407?
False
Is 40161 a multiple of 168?
False
Does 15 divide 868?
False
Is 4344 a multiple of 24?
True
Does 10 divide 60?
True
Is 3198 a multiple of 4?
False
Does 52 divide 4341?
False
Is 33 a factor of 14124?
True
Does 24 divide 36072?
True
Is 5427 a multiple of 81?
True
Is 1225 a multiple of 5?
True
Is 3432 a multiple of 4?
True
Does 47 divide 2115?
True
Does 7 divide 92?
False
Is 55 a factor of 20635?
False
Does 2 divide 30?
True
Is 4543 a multiple of 15?
False
Does 55 divide 4840?
True
Does 142 divide 3952?
False
Does 16 divide 339?
False
Does 13 divide 13104?
True
Is 34132 a multiple of 46?
True
Is 7189 a multiple of 13?
True
Is 22090 a multiple of 4?
False
Does 9 divide 8954?
False
Does 37 divide 259?
True
Is 2927 a multiple of 8?
False
Is 1276 a multiple of 11?
True
Does 36 divide 1980?
True
Is 8288 a multiple of 6?
False
Does 116 divide 5220?
True
Does 20 divide 5421?
False
Is 12992 a multiple of 32?
True
Is 6 a factor of 1586?
False
Is 1571 a multiple of 15?
False
Does 67 divide 469?
True
Is 438 a multiple of 50?
False
Is 88 a factor of 6864?
True
Is 1600 a multiple of 23?
False
Is 32 a factor of 3936?
True
Does 14 divide 1723?
False
Is 1066 a multiple of 10?
False
Is 13195 a multiple of 49?
False
Is 1679 a multiple of 9?
False
Is 6 a factor of 1968?
True
Is 22 a factor of 1955?
False
Does 3 divide 1658?
False
Does 24 divide 25680?
True
Does 30 divide 420?
True
Does 4 divide 129?
False
Is 3833 a multiple of 45?
False
Is 2298 a multiple of 188?
False
Is 3825 a multiple of 116?
False
Is 14 a factor of 938?
True
Is 30 a factor of 840?
True
Is 11 a factor of 351?
False
Is 48 a factor of 23856?
True
Is 2 a factor of 162?
True
Does 51 divide 663?
True
Is 924 a multiple of 14?
True
Does 40 divide 1440?
True
Does 241 divide 559?
False
Does 133 divide 14114?
False
Is 243 a multiple of 23?
False
Is 590 a multiple of 59?
True
Is 30672 a multiple of 144?
True
Does 8 divide 1710?
False
Is 39 a factor of 4903?
False
Does 4 divide 277?
False
Does 9 divide 5580?
True
Is 16 a factor of 4272?
True
Does 26 divide 7150?
True
Does 31 divide 811?
False
Is 10 a factor of 40538?
False
Does 105 divide 3360?
True
Does 20 divide 29880?
True
Does 56 divide 4965?
False
Does 95 divide 38000?
True
Is 193 a factor of 79149?
False
Does 49 divide 7726?
False
Is 70 a multiple of 7?
True
Is 3 a factor of 3355?
False
Does 10 divide 247?
False
Is 88 a multiple of 8?
True
Is 31504 a multiple of 176?
True
Does 36 divide 6984?
True
Is 8669 a multiple of 153?
False
Does 3 divide 144?
True
Is 184 a factor of 27002?
False
Is 25 a factor of 22125?
True
Is 511 a multiple of 2?
False
Does 5 divide 8291?
False
Is 17 a factor of 384?
False
Does 15 divide 7315?
False
Is 1757 a multiple of 20?
False
Is 311 a multiple of 8?
False
Is 498 a multiple of 56?
False
Is 1000 a multiple of 10?
True
Does 8 divide 3962?
False
Does 6 divide 318?
True
Does 129 divide 16254?
True
Is 31504 a multiple of 16?
True
Is 313 a multiple of 6?
False
Is 140 a multiple of 6?
False
Does 10 divide 107?
False
Does 89 divide 24177?
False
Is 3850 a multiple of 24?
False
Does 30 divide 48180?
True
Is 23 a factor of 19203?
False
Is 4438 a multiple of 106?
False
Does 16 divide 9408?
True
Is 2427 a multiple of 92?
False
Does 36 divide 55899?
False
Does 43 divide 1272?
False
Is 74 a factor of 582?
False
Does 4 divide 157?
False
Is 20 a factor of 21620?
True
Is 46 a factor of 24886?
True
Does 157 divide 13188?
True
Is 22851 a multiple of 3?
True
Is 34240 a multiple of 107?
True
Is 12 a factor of 840?
True
Is 39649 a multiple of 319?
False
Is 6750 a multiple of 50?
True
Is 23 a factor of 15410?
True
Is 137 even?
False
Does 4 divide 932?
True
Does 59 divide 2773?
True
Is 20997 a multiple of 13?
False
Does 95 divide 1140?
True
Is 14 a factor of 264?
False
Is 18012 a multiple of 89?
False
Is 27 a factor of 23112?
True
Is 2080 a multiple of 17?
False
Is 9135 a multiple of 105?
True
Is 1746 a multiple of 63?
False
Is 3 a multiple of 2?
False
Is 24 a factor of 25200?
True
Is 121 a factor of 3625?
False
Does 80 divide 497?
False
Does 3 divide 352?
False
Is 244 a factor of 102968?
True
Is 120 a factor of 3056?
False
Is 350 a multiple of 17?
False
Is 1035 a multiple of 5?
True
Is 42 a factor of 17892?
True
Is 6964 a multiple of 146?
False
Is 747 a multiple of 18?
False
Is 512 a multiple of 20?
False
Is 19 a factor of 6460?
True
Is 1098 a multiple of 55?
False
Does 127 divide 10842?
False
Does 2 divide 402?
True
Is 450 a multiple of 18?
True
Is 12 a factor of 108?
True
Is 19 a factor of 460?
False
Is 27072 a multiple of 24?
True
Is 48285 a multiple of 111?
True
Does 391 divide 16238?
False
Does 28 divide 43876?
True
Is 261 a multiple of 3?
True
Does 23 divide 15410?
True
Is 30 a factor of 40?
False
Does 5 divide 96?
False
Is 5 a factor of 278?
False
Does 5 divide 15160?
True
Is 7 a factor of 42?
True
Is 48 a factor of 3882?
False
Does 42 divide 27426?
True
Does 8 divide 5087?
False
Does 10 divide 153?
False
Does 14 divide 742?
True
Is 9 a factor of 10574?
False
Does 6 divide 39870?
True
Is 23 a factor of 2320?
False
Does 93 divide 22227?
True
Is 9 a factor of 3924?
True
Does 9 divide 3681?
True
Is 22 a factor of 7797?
False
Is 27621 a multiple of 164?
False
Does 60 divide 383?
False
Is 1976 a multiple of 19?
True
Is 10 a factor of 230?
True
Does 23 divide 41?
False
Is 5 a factor of 649?
False
Is 38 a factor of 440?
False
Is 23 a factor of 90406?
False
Is 15 a factor of 570?
True
Is 1425 a multiple of 3?
True
Is 78 a factor of 1931?
False
Is 41 a factor of 1435?
True
Does 8 divide 10536?
True
Is 1088 a multiple of 16?
True
Is 11600 a multiple of 58?
True
Is 4736 a multiple of 16?
True
Is 23 a factor of 13869?
True
Does 21 divide 12649?
False
Doe